 Calculate p(-18).
6
Let n(s) = -s**2 - 30*s - 225. Calculate n(-15).
0
Let z(j) = j**2 - 5. Calculate z(-2).
-1
Let j(m) = 9*m - 19. What is j(2)?
-1
Let n(j) = 3*j**2 - 3*j + 4. What is n(3)?
22
Let u(a) = a**2 - 13*a - 29. Give u(13).
-29
Let g(n) = n - 2. Give g(3).
1
Let v(c) = 9*c + 124. Determine v(-15).
-11
Let m(y) = y**3 - 5*y**2 + 3*y - 3. What is m(3)?
-12
Let b(w) = w + 54. What is b(0)?
54
Let m(z) = -z**3 - 10*z**2 + 11*z - 1. Determine m(-11).
-1
Let a(g) = -3*g + 9. What is a(5)?
-6
Let i(x) = -x - 10. Determine i(-11).
1
Let h(g) = 2*g + 21. What is h(-2)?
17
Let q(u) = -3*u - 1. What is q(-8)?
23
Let j(x) = x**2 - 5*x + 7. What is j(5)?
7
Let b(k) = 3*k - 35. Determine b(12).
1
Let v(r) = -r**3 - 5*r**2 - r + 6. Determine v(-5).
11
Let b(k) = k**3 - 6*k**2 - 9*k - 4. Determine b(7).
-18
Let m(f) = -f**2 - 10*f + 23. Give m(-12).
-1
Let s(w) = -44*w - 128. Give s(-3).
4
Let c(i) = -16*i + 3. Calculate c(1).
-13
Let q(v) = 17*v + 4. Determine q(-7).
-115
Let w(x) = 3*x**2 + 26*x - 31. Give w(-9).
-22
Let v(j) = 2*j**2 - j + 3. Determine v(3).
18
Let g(s) = 7*s + 100. Determine g(-18).
-26
Let t(l) = -l**2 - 5*l - 2. Determine t(-4).
2
Let x(l) = -25*l - 6. What is x(-1)?
19
Let b(v) = 9*v + 182. Calculate b(-19).
11
Let h(c) = -c**3 - 2*c**2 + c. Determine h(-2).
-2
Let x(h) = 9*h - 46. What is x(0)?
-46
Let x(w) = 2*w**2 + 62*w + 47. Determine x(-30).
-13
Let r(b) = -15*b + 404. What is r(29)?
-31
Let y(h) = -5*h - 63. Determine y(-6).
-33
Let u(d) = d**2 + d. Give u(-4).
12
Let h(f) = f**3 - 29*f**2 + f - 35. Determine h(29).
-6
Let d(l) = -l**3 + 21*l**2 - 2*l + 48. Calculate d(21).
6
Let w(c) = -42*c**3 + 1. Calculate w(1).
-41
Let v(h) = -5*h**2 + 2*h + 13. What is v(-2)?
-11
Let c(w) = -4*w - 37. Give c(-14).
19
Let i(q) = -7*q - 96. Determine i(-13).
-5
Let c(x) = 3*x - 20. Give c(8).
4
Let a(h) = 12*h. What is a(1)?
12
Let t(s) = s**3 + 31*s**2 - s - 25. Give t(-31).
6
Let s(v) = v - 7. Give s(11).
4
Let v(j) = j**3 - 6*j**2 + 2*j + 3. Calculate v(3).
-18
Let j(b) = -b**2 + 26*b. Give j(26).
0
Let l(f) = 50*f - 259. Determine l(5).
-9
Let y(s) = s**2 + 4*s - 42. Give y(5).
3
Let m(d) = 5*d**3 + 3*d**2 + 4*d + 2. Calculate m(-2).
-34
Let u(l) = 90*l**2 - 180*l - 4. What is u(2)?
-4
Let f(x) = -4*x**3 - x**2 + 10*x - 19. What is f(3)?
-106
Let x(r) = r**3 - 5*r**2 + 7*r. Determine x(3).
3
Let a(k) = 10*k + 114. What is a(-12)?
-6
Let j(i) = 6*i**2 - 16*i + 7. Give j(2).
-1
Let p(u) = -u**3 + 34*u**2 - u + 32. Calculate p(34).
-2
Let f(n) = n**2 + 11*n + 23. Determine f(-9).
5
Let r(s) = 2*s**3 - 2*s**2 - 4*s + 6. Determine r(3).
30
Let z(j) = -21*j + 3. Give z(-1).
24
Let y(z) = -3*z - 45. What is y(-20)?
15
Let n(b) = 28*b + 120. Calculate n(-4).
8
Let a(m) = -m**3 + 5*m**2 + 4. Give a(5).
4
Let o(z) = z**2 - 10*z + 8. Determine o(8).
-8
Let k(v) = -v**3 - 7*v**2 + 9*v - 21. What is k(-8)?
-29
Let r(a) = -a**3 + 47*a**2 - 43*a - 137. Calculate r(46).
1
Let w(x) = -2*x**2 + 15*x - 8. Calculate w(7).
-1
Let t(l) = -l**3 - l**2 - 12. Determine t(0).
-12
Let a(l) = l**2 + 54*l + 371. Determine a(-8).
3
Let b(v) = 8*v - 17. What is b(3)?
7
Let t(j) = -73*j + 297. What is t(4)?
5
Let p(z) = z**3 + 37*z**2 + 34*z - 81. What is p(-36)?
-9
Let p(f) = 7*f - 29. Determine p(15).
76
Let o(n) = -n**2 - 5*n - 5. Give o(-5).
-5
Let r(a) = 19*a - 5. What is r(-2)?
-43
Let d(m) = -17*m - 62. Give d(-4).
6
Let w(r) = -r**3 - 7*r**2 + 29. What is w(-6)?
-7
Let l(u) = -3*u + 2. Determine l(-3).
11
Let v(y) = 2*y**3 - 15*y**2 - 11*y + 39. Give v(8).
15
Let s(q) = -q**3 + 8*q - 3. Give s(3).
-6
Let k(p) = -p**3 + 4*p**2 - 7*p + 8. Give k(4).
-20
Let q(p) = -p**3 - 8*p**2 + 3*p + 15. Give q(-8).
-9
Let a(k) = 4*k + 45. Determine a(-14).
-11
Let c(q) = 27*q - 254. Determine c(10).
16
Let v(b) = 12*b - 25. What is v(3)?
11
Let k(g) = -34*g - 4. What is k(-2)?
64
Let v(c) = c - 100. Give v(16).
-84
Let o(m) = 25*m - 101. Calculate o(6).
49
Let a(i) = 13*i - 109. Give a(9).
8
Let s(p) = 17*p + 65. What is s(-7)?
-54
Let a(h) = -h. Give a(2).
-2
Let g(o) = o + 3. Determine g(-1).
2
Let g(s) = -s**2 + 4*s. Give g(3).
3
Let g(f) = -f + 6. Determine g(-12).
18
Let w(r) = -r**3 - 4*r**2 + 7*r + 6. Calculate w(-5).
-4
Let w(i) = 26*i**3 - 2*i**2 + 2*i - 1. Calculate w(1).
25
Let l(s) = -s - 22. Determine l(-19).
-3
Let t(p) = p**2 - 2*p + 10. Calculate t(7).
45
Let n(s) = -s**2 - 3*s - 111. Give n(0).
-111
Let l(r) = r**2 + 30*r - 70. Give l(-33).
29
Let m(k) = k**2 + 10*k - 31. Determine m(-13).
8
Let l(v) = 6*v + 6. Calculate l(-4).
-18
Let z(p) = 2*p**2 + 4*p - 1. Calculate z(-4).
15
Let h(z) = -z**3 + 4*z**2 + 3*z - 7. Give h(4).
5
Let w(u) = u**3 - 9*u**2 + u - 3. What is w(10)?
107
Let b(w) = w**2 + 4*w - 159. Determine b(11).
6
Let j(m) = m**2 - m - 2. Give j(0).
-2
Let h(l) = 34*l + 366. Calculate h(-10).
26
Let p(w) = 12*w - 88. Determine p(7).
-4
Let o(m) = -20*m + 149. What is o(7)?
9
Let n(r) = r**2 - 8*r - 26. Calculate n(10).
-6
Let b(i) = i**3 - 2*i**2 + 7*i - 12. What is b(2)?
2
Let y(l) = -17*l**2 - l - 2. Give y(2).
-72
Let m(v) = 3*v - 78. Determine m(27).
3
Let u(s) = s**2 + 6*s + 5. What is u(-5)?
0
Let h(v) = -v**3 + 3*v**2 - 5*v + 3. What is h(2)?
-3
Let g(n) = -5*n - 5. Give g(-6).
25
Let n(m) = -m**3 + 60*m**2 + 191*m - 141. Give n(63).
-15
Let h(r) = r**3 - 13*r**2 - 8*r - 79. Give h(14).
5
Let m(l) = l**2 - 4*l - 3. Give m(-3).
18
Let z(k) = -k**3 + 2*k**2 + 7*k - 9. Determine z(3).
3
Let z(i) = i**3 - 2*i**2 - 5*i - 1. Give z(4).
11
Let b(a) = 3*a + 58. What is b(-18)?
4
Let b(l) = -l - 28. Give b(0).
-28
Let r(l) = l**3 - 3*l**2 - 6*l - 4. Give r(6).
68
Let c(n) = 2*n**2 - 15*n + 36. What is c(9)?
63
Let n(z) = 2*z + 9. Calculate n(0).
9
Let t(l) = -11*l + 31. Give t(4).
-13
Let g(a) = 8*a + 223. Determine g(-30).
-17
Let s(i) = 3*i**2 - 11*i + 8. Give s(4).
12
Let x(b) = -5*b + 36. Calculate x(5).
11
Let w(d) = 4*d**2 + 38*d + 49. Calculate w(-8).
1
Let u(t) = -t**3 - 26*t**2 - 105*t + 7. What is u(-21)?
7
Let x(w) = w**3 + 28*w**2 - 28*w + 44. Give x(-29).
15
Let v(l) = l - 2. Determine v(8).
6
Let p(d) = d**2 - 9*d. What is p(8)?
-8
Let p(g) = 55*g - 8. Determine p(0).
-8
Let p(w) = -2*w**2 - 10*w + 7. Determine p(-6).
-5
Let x(r) = r**3 - 16*r**2 + 5*r + 129. Give x(15).
-21
Let f(h) = -2*h + 35. Determine f(13).
9
Let k(r) = 4*r + 24. Give k(-14).
-32
Let u(d) = -7*d + 47. Determine u(7).
-2
Let h(l) = -l**3 - 25*l**2 - 25*l + 18. Determine h(-24).
42
Let a(u) = 2*u**2 - 24*u - 90. Calculate a(-3).
0
Let b(i) = -i**2 + 14*i + 7. What is b(14)?
7
Let n(r) = -r**3 + 9*r**2 - 9*r + 9. Calculate n(8).
1
Let l(t) = 6*t - 4. Give l(-10).
-64
Let f(v) = -v**2 + v - 4. What is f(2)?
-6
Let g(r) = r**3 + 33*r**2 - 34*r + 9. Determine g(-34).
9
Let j(p) = -p**2 - 10*p - 4. Calculate j(-9).
5
Let d(g) = g**3 + 8*g**2 - 3*g + 50. Give d(-9).
-4
Let s(p) = -3*p + 3. What is s(2)?
-3
Let h(q) = -q**3 + q**2 + 5*q + 7. Determine h(-3).
28
Let f(u) = 2*u**2 - 60*u + 114. Calculate f(28).
2
Let q(r) = -42*r**2 - 6*r - 7. Give q(-1).
-43
Let x(r) = r**2 + 13*r - 22. Determine x(-15).
8
Let u(p) = 21*p**2 + 3*p - 8. Give u(2).
82
Let m(n) = -n**3 - 7*n**2 + 5*n - 4. What is m(-4)?
-72
Let t(k) = k + 49. Give t(-16).
33
Let a(p) = 13*p**2 - p - 2. Calculate a(-1).
12
Let t(n) = n**3 - 10*n**2 + 10*n - 1. Calculate t(9).
8
Let p(q) = -2*q**3 + 4*q**2 - q - 1. Calculate p(3).
-22
Let a(q) = -q**2 + 10*q + 3. Give a(10).
3
Let u(h) = -h - 30. Calculate u(-24).
-6
Let g(o) = 2*o + 14. Give g(0).
14
Let a(c) = -c**3 - 8*c**2 + 10*c + 8. Determine a(-9).
-1
Let s(r) = -r**3 + 5*r**2 - 6*r - 4. Calculate s(2).
-4
Let o(a) = a**3 - 7*a**2 + 11*a - 15. Give o(4).
-19
Let b(v) = -2*v**2 - 35*v + 54. What is b(-19)?
-3
Let v(p) = p**3 - 32*p**2 + 2*p - 76. What is v(32)?
-12
Let k(u) = u**2 - 19*u - 12. Calculate k(19).
-12
Let i(o) = 2*o**2 - 8*o. Calculate i(-1).
10
Let i(p) = -2*p**2 + 19*p + 1. Determine i(11).
-32
Let w(q) = 3*q**2 - 9*q - 13. Give w(3).
-13
Let c(d) = d - 11. Determine c(4).
-7
Let y(j) = -j + 13. Calculate y(24).
-11
Let n(l) = -l + 11. What is n(7)?
4
Let k(v) = v**3 - 5*v**2 - 9*v - 24. Calculate k(7).
11
Let y(s) = -s - 17. Determine y(-7).
-10
Let p(z) = 2*z**2 - z - 16. Calculate p(-3).
5
Let p(i) = i**2 - 8*i + 8. 